 What is the hundreds digit of w?
4
Let b(c) be the third derivative of -2*c**2 - 1/120*c**6 + c**3 - 3/20*c**5 - 3/8*c**4 + 0*c + 0. What is the tens digit of b(-8)?
1
Suppose 0 = -k + d + 4, 4 - 1 = -3*d. Suppose 64 = k*r - 14. Suppose 5*x + 2*u - r = 0, 0 = -x - 4*u - 3 + 19. What is the units digit of x?
4
Suppose -7*b = -2*b - 15. Suppose 4*a = b*a - 7. Let o = -2 - a. What is the units digit of o?
5
Let s(t) = 5*t**2 - 3*t - 9. What is the units digit of s(-5)?
1
Let k = 1 + 0. Let n = k + 2. Suppose -5*f - n*h + 37 = -4*h, -f + 11 = h. What is the units digit of f?
8
Let i(y) = y**2 + 12*y - 9. Let r(z) = z**3 + 7*z**2 + 8*z - 1. Let x be r(-6). What is the units digit of i(x)?
4
Let g = -41 + 65. What is the units digit of g?
4
Suppose c - 3 = 0, 8*p + 3*c - 174 = 3*p. What is the units digit of p?
3
Let c = 71 - 39. What is the tens digit of c?
3
Suppose -2*v - 2*v = -44. Suppose 0 = -x + c + v, 52 = 2*x + 2*x + 4*c. What is the tens digit of x?
1
Let d(t) = -t**3 + 1. Let k be d(-1). Suppose 0 = -k*f - 3*f. Suppose -2*i - 5*b + 28 = 0, -4*i - i + 3*b + 8 = f. What is the units digit of i?
4
Let b = 9 - 9. Let i(d) = b*d - 2*d - 2*d - 4. What is the units digit of i(-5)?
6
Suppose -3*z + 3 = -21. Suppose -5*y = -z*y + 33. What is the tens digit of y?
1
Suppose -4*f + 27 = b, -2*f = 6*b - 4*b - 36. Let x = b - 1. What is the tens digit of x?
1
Suppose 0 = 7*f - 7 - 196. What is the tens digit of f?
2
Let o(b) = b**2 - 4*b + 3. Let n be o(4). Suppose -n*g + 7*g = 64. What is the tens digit of g?
1
Let a(y) = 3*y**3 - 2*y**2 + 1. Let l be (4/(-6))/(8/(-12)). What is the units digit of a(l)?
2
Suppose 31 = 4*o - 2*t + 9, 4*o - 37 = 5*t. Suppose -v - f - 37 = -4*v, 0 = -o*v - f + 29. What is the units digit of v?
1
Suppose 0 = 2*o - 0*o - 56. What is the tens digit of o?
2
Suppose -5*z = -0*z - 390. What is the units digit of z?
8
Suppose -3*r + 64 = -2*g, -7 - 98 = -5*r + 3*g. Suppose 0 = -2*k + r + 16. What is the tens digit of k?
1
Suppose 3*v - 4*t = t + 112, -5*v - 2*t = -197. Suppose -7 = -3*h + 2, h + v = 2*z. What is the units digit of z?
1
Let x be (-2 + -1 + 0)*-3. What is the units digit of -27*(6/x + -1)?
9
Suppose -2*h = -0*h + 6, -4*d + 12 = -4*h. Let b = 0 + -1. Let s = d - b. What is the units digit of s?
1
Let a(c) = 5*c - 2 + 4 - c**2 - 2*c + 0*c. Let o be a(3). Suppose -o*n + 5*r + 46 = 0, 0 = 2*n - r - 38 + 8. What is the units digit of n?
3
Suppose -2*d + 3*a + 15 = 0, -d = -0*d - a - 5. Suppose -j + 2 + 9 = d. What is the tens digit of j?
1
Suppose 0*c - 5*c = 0. Suppose -13 = 3*t + f - 69, 5*f + 5 = c. Suppose h - 3*u - 22 = -4*h, -4*h + t = -u. What is the units digit of h?
5
Let z(d) = -d + 1. Let x be z(-3). Suppose 0*i = 2*i - x*t - 12, 2 = -2*t. What is the units digit of i?
4
Let r(v) = -8*v**3 - 4*v**2 - 2*v + 7. What is the hundreds digit of r(-3)?
1
Suppose -h - 1 + 6 = 0. What is the units digit of ((-6)/h)/((-12)/510)?
1
Suppose -5*k = -5*a + 27 + 53, 3 = -a. Let y = 20 + k. What is the units digit of y?
1
Suppose -4 = 4*b + 4*w, -2*w + 1 - 7 = 0. Suppose -21 = -j - 2*l - 2*l, 4*j - b*l - 84 = 0. What is the units digit of j?
1
Suppose -2*c - 2*u + 340 = 0, 4*c = 5*u - 3*u + 674. What is the tens digit of c?
6
Suppose -14*w + 2450 = -4*w. What is the units digit of w?
5
Suppose -4*q + 2*f + 100 = -3*q, q - 97 = -f. What is the tens digit of q?
9
Suppose 5*m + 0*q - 985 = 2*q, m = -2*q + 197. What is the tens digit of m?
9
Let q be 8/(-4)*1 + 6. Suppose 9 = -4*d - 7. What is the units digit of q - 0 - (1 + d)?
7
Let g(c) = -245*c - 3. What is the tens digit of g(-1)?
4
Suppose 0 = -3*r + 1 + 5, 0 = -2*g - 3*r + 14. Let s(p) = -p + 7. Let x be s(-5). Suppose -4*t = 4*a + x, g*t - 3*a - 2 - 14 = 0. What is the units digit of t?
1
Suppose 0 = -2*h - 3*h + 5. Let d = 7 + -6. What is the tens digit of 12 + d/((-1)/h)?
1
Let j(u) = u**3 + 2. Let y be j(0). Suppose 0 = -2*q - y - 0. What is the units digit of ((-48)/(-15))/(q/(-5))?
6
Let b(p) = -2*p - 2. Let f be b(-8). What is the units digit of -1 + f - (3 + -5)?
5
Suppose -4*j + 15 = -9. Let s = j + -2. Suppose 4*y - s*b + 4 = 0, 3*y - 22 = -b - b. What is the units digit of y?
4
Let t be 7 - (-2 + 2) - 2. Let l = 5 + t. What is the units digit of l?
0
Let n(y) = -y + 58. Let g be n(0). Suppose -2*m + g - 2 = 0. What is the tens digit of m?
2
Let c(z) = z**2 + z + 6. Let x be c(8). Suppose 3*i - x = -24. What is the units digit of i?
8
Let h = 492 + -350. What is the hundreds digit of h?
1
Suppose -2*y - 10 = -3*m - 2*m, -3*y = m - 19. Suppose 2 = y*j - 68. What is the tens digit of j?
1
Let x(m) = m + 9. Suppose -2 = z + 5. Let u = -11 - z. What is the units digit of x(u)?
5
Let l(q) be the second derivative of 7/2*q**2 + 5/6*q**3 + 4*q - 1/12*q**4 + 0. What is the units digit of l(5)?
7
Let x = 33 - 9. Suppose o - x - 10 = 0. What is the units digit of o?
4
Let u(z) = -z**2 - z + 1. Let d(t) = 2*t**2 + 2*t - 5. Let k(g) = -d(g) - u(g). What is the units digit of k(0)?
4
Let v(p) = 30*p**3 + 2. What is the hundreds digit of v(2)?
2
Let g be 5/15 + 1/(-3). Suppose 3*f - 18 = -g*f. What is the units digit of 50/f + (-4)/(-6)?
9
Let p(j) = -j**2 + 8*j - 5. What is the tens digit of p(5)?
1
Let p be (-17)/(-1) - (2 + -1). Let a = 6 - p. Let t = a - -14. What is the units digit of t?
4
Let t(y) = y**2 - 11*y + 9. Let r be t(6). Let q be (-204)/r - (-4)/14. What is the units digit of 3/6 - q/(-4)?
3
Let g(f) = -f**2 - 6*f + 2. Let t be g(-6). Suppose s + 3*s = -v + 23, -t*s = -5*v + 71. What is the units digit of v?
5
Suppose 0*d - 6 = -2*d. Let i be (-8)/d*(-15)/(-4). What is the units digit of (-114)/i - 2/5?
1
Suppose -382 = 84*z - 85*z. What is the hundreds digit of z?
3
What is the units digit of 20 + 120 + (0 - 0/2)?
0
What is the tens digit of -2 - -3 - -90 - (-1 + 0)?
9
Suppose -5*f - 27 - 3 = 0. Let o be (f/9 - 1)*-3. Suppose -21 = -o*y + 4*q, -2*q + 4*q = -4*y - 4. What is the units digit of y?
1
Suppose 206 = 5*v - 2*n, -n + 8 = 3*n. What is the tens digit of v?
4
What is the tens digit of ((-296)/12)/(3/(-9))?
7
Let j = -14 - -21. What is the units digit of j?
7
Let v be 70/4*12/10. Suppose 2*g = 6, -3*g = -4*n + v - 6. What is the units digit of n?
6
Suppose h + 2*h = -9, 0 = -5*m + 3*h + 154. Let b = m + -42. Let l = 3 - b. What is the units digit of l?
6
Suppose 0 = 4*l - 57 - 59. What is the tens digit of l?
2
Let b(f) = -20*f - 9. What is the units digit of b(-8)?
1
Let u be (-1)/3 + 16/(-6). What is the units digit of u - 2/((-6)/27)?
6
Suppose 4 = -2*n - 0. Let w be 2/9 - 33/27. What is the units digit of n + -1 + w + 8?
4
Suppose 4*c - c + 6 = -3*g, 18 = -c - 5*g. Suppose -2*t + 16 = c*t. What is the units digit of t?
4
Suppose -2*r + 36 = -36. Suppose r = 3*l + l. What is the units digit of l?
9
Suppose -50 = -2*f + 4*t, 1 = -2*t - 9. What is the tens digit of f?
1
Let l(z) = z**2 + 2*z - 31. What is the tens digit of l(-13)?
1
What is the tens digit of 166*(-3 - (-21)/6)?
8
Suppose -15 = 3*l, -4*a + 2*l = 4*l - 42. Let w = a + -9. What is the units digit of (-2)/w + (-38)/(-4)?
9
Let t(p) = -p + 1. Let i be t(-5). What is the units digit of (i/(-4))/(5/(-10))?
3
Suppose -3*q + 20 = -55. What is the tens digit of q?
2
Let z = 29 + -27. Suppose 5*y + 128 = 3*b, -z*b + 5*b = y + 124. What is the units digit of b?
1
Suppose q + 2*q + 6 = 0. What is the units digit of (-3)/((-3)/(-6) + q)?
2
Let q = 47 + -2. Let j = q + -29. What is the tens digit of j?
1
Let x be 1/(-2 + (-66)/(-32)). What is the units digit of ((-1)/2)/((-4)/x)?
2
What is the units digit of ((-5 + 7)/(-2))/(2/(-10))?
5
Suppose -z - i + 9 = 2*z, -17 = -4*z - 3*i. Let t be -6*z/3*-1. Let h(v) = v**3 - 4*v**2 + 4*v - 4. What is the units digit of h(t)?
2
What is the tens digit of 3/(-6)*(-108 + 2)?
5
Let u(w) = 7*w**3 - w**2 + w - 1. Let s be u(1). Suppose 5*i + 4*b - 109 = 0, s*b = 5*i + b - 100. What is the units digit of i?
1
What is the tens digit of 905/35 - 1/(-7)?
2
Suppose l + 40 = 5*j, 3*l - 6*l - 48 = 3*j. Let s = 38 + l. What is the tens digit of s?
1
Let g(o) be the first derivative of -47*o**3/3 + o - 1. Let x be g(1). Let w = -24 - x. What is the tens digit of w?
2
Let m(k) = -k**2 - 5*k + 2. Let u be m(-5). Suppose 2*r - 24 = -3*w, 2*w - 37 = -u*w - r. What is th